{"id":978,"date":"2024-11-19T17:36:01","date_gmt":"2024-11-19T17:36:01","guid":{"rendered":"https:\/\/villa-excelsior.wisto.cc\/?page_id=978"},"modified":"2025-02-14T11:14:03","modified_gmt":"2025-02-14T11:14:03","slug":"historie","status":"publish","type":"page","link":"https:\/\/villa-excelsior.at\/?page_id=978","title":{"rendered":"Historie"},"content":{"rendered":"\t\t<div data-elementor-type=\"wp-page\" data-elementor-id=\"978\" class=\"elementor elementor-978\" data-elementor-post-type=\"page\">\n\t\t\t\t\t\t<section class=\"elementor-section elementor-top-section elementor-element elementor-element-edcd384 elementor-section-boxed elementor-section-height-default elementor-section-height-default\" data-id=\"edcd384\" data-element_type=\"section\" data-e-type=\"section\">\n\t\t\t\t\t\t<div class=\"elementor-container elementor-column-gap-default\">\n\t\t\t\t\t<div class=\"elementor-column elementor-col-100 elementor-top-column elementor-element elementor-element-9d943c8\" data-id=\"9d943c8\" data-element_type=\"column\" data-e-type=\"column\">\n\t\t\t<div class=\"elementor-widget-wrap elementor-element-populated\">\n\t\t\t\t\t\t<div class=\"elementor-element elementor-element-e5331c2 elementor-widget elementor-widget-heading\" data-id=\"e5331c2\" data-element_type=\"widget\" data-e-type=\"widget\" data-widget_type=\"heading.default\">\n\t\t\t\t<div class=\"elementor-widget-container\">\n\t\t\t\t\t<h2 class=\"elementor-heading-title elementor-size-default\">\nHistorie\n<\/h2>\t\t\t\t<\/div>\n\t\t\t\t<\/div>\n\t\t\t\t\t<\/div>\n\t\t<\/div>\n\t\t\t\t\t<\/div>\n\t\t<\/section>\n\t\t\t\t<section class=\"elementor-section elementor-top-section elementor-element elementor-element-88aaafe elementor-section-boxed elementor-section-height-default elementor-section-height-default\" data-id=\"88aaafe\" data-element_type=\"section\" data-e-type=\"section\">\n\t\t\t\t\t\t<div class=\"elementor-container elementor-column-gap-default\">\n\t\t\t\t\t<div class=\"elementor-column elementor-col-100 elementor-top-column elementor-element elementor-element-10cbd5d\" data-id=\"10cbd5d\" data-element_type=\"column\" data-e-type=\"column\">\n\t\t\t<div class=\"elementor-widget-wrap elementor-element-populated\">\n\t\t\t\t\t\t<div class=\"elementor-element elementor-element-b4e0855 elementor--h-position-center elementor--v-position-middle elementor-arrows-position-inside elementor-pagination-position-inside elementor-widget elementor-widget-slides\" data-id=\"b4e0855\" data-element_type=\"widget\" data-e-type=\"widget\" data-settings=\"{&quot;navigation&quot;:&quot;both&quot;,&quot;autoplay&quot;:&quot;yes&quot;,&quot;pause_on_hover&quot;:&quot;yes&quot;,&quot;pause_on_interaction&quot;:&quot;yes&quot;,&quot;autoplay_speed&quot;:5000,&quot;infinite&quot;:&quot;yes&quot;,&quot;transition&quot;:&quot;slide&quot;,&quot;transition_speed&quot;:500}\" data-widget_type=\"slides.default\">\n\t\t\t\t<div class=\"elementor-widget-container\">\n\t\t\t\t\t\t\t\t\t<div class=\"elementor-swiper\">\n\t\t\t\t\t<div class=\"elementor-slides-wrapper elementor-main-swiper swiper\" role=\"region\" aria-roledescription=\"carousel\" aria-label=\"Slider\" dir=\"ltr\" data-animation=\"fadeInUp\">\n\t\t\t\t<div class=\"swiper-wrapper elementor-slides\">\n\t\t\t\t\t\t\t\t\t\t<div class=\"elementor-repeater-item-771369a swiper-slide\" role=\"group\" aria-roledescription=\"slide\"><div class=\"swiper-slide-bg\" role=\"img\" aria-label=\"Ansichtskarten-Gasteinertal_0020-850x318\"><\/div><div class=\"swiper-slide-inner\" ><div class=\"swiper-slide-contents\"><\/div><\/div><\/div><div class=\"elementor-repeater-item-107e788 swiper-slide\" role=\"group\" aria-roledescription=\"slide\"><div class=\"swiper-slide-bg\" role=\"img\" aria-label=\"Gastein-Zentrum_0038-836x318\"><\/div><div class=\"swiper-slide-inner\" ><div class=\"swiper-slide-contents\"><\/div><\/div><\/div><div class=\"elementor-repeater-item-9004970 swiper-slide\" role=\"group\" aria-roledescription=\"slide\"><div class=\"swiper-slide-bg\" role=\"img\" aria-label=\"Kurmusik_0057-850x318\"><\/div><div class=\"swiper-slide-inner\" ><div class=\"swiper-slide-contents\"><\/div><\/div><\/div><div class=\"elementor-repeater-item-bcf0f4e swiper-slide\" role=\"group\" aria-roledescription=\"slide\"><div class=\"swiper-slide-bg\" role=\"img\" aria-label=\"Gastein-Zentrum_0042-850x318\"><\/div><div class=\"swiper-slide-inner\" ><div class=\"swiper-slide-contents\"><\/div><\/div><\/div><div class=\"elementor-repeater-item-773c13f swiper-slide\" role=\"group\" aria-roledescription=\"slide\"><div class=\"swiper-slide-bg\" role=\"img\" aria-label=\"Anschtskarten-Gasteinertal_0038-850x318\"><\/div><div class=\"swiper-slide-inner\" ><div class=\"swiper-slide-contents\"><\/div><\/div><\/div>\t\t\t\t<\/div>\n\t\t\t\t\t\t\t\t\t\t\t\t\t\t\t<div class=\"elementor-swiper-button elementor-swiper-button-prev\" role=\"button\" tabindex=\"0\" aria-label=\"Previous slide\">\n\t\t\t\t\t\t\t<i aria-hidden=\"true\" class=\"eicon-chevron-left\"><\/i>\t\t\t\t\t\t<\/div>\n\t\t\t\t\t\t<div class=\"elementor-swiper-button elementor-swiper-button-next\" role=\"button\" tabindex=\"0\" aria-label=\"Next slide\">\n\t\t\t\t\t\t\t<i aria-hidden=\"true\" class=\"eicon-chevron-right\"><\/i>\t\t\t\t\t\t<\/div>\n\t\t\t\t\t\t\t\t\t\t\t\t\t\t\t\t<div class=\"swiper-pagination\"><\/div>\n\t\t\t\t\t\t\t\t\t\t\t\t<\/div>\n\t\t\t\t<\/div>\n\t\t\t\t\t\t\t\t<\/div>\n\t\t\t\t<\/div>\n\t\t\t\t\t<\/div>\n\t\t<\/div>\n\t\t\t\t\t<\/div>\n\t\t<\/section>\n\t\t\t\t<section class=\"elementor-section elementor-top-section elementor-element elementor-element-445feaf elementor-section-boxed elementor-section-height-default elementor-section-height-default\" data-id=\"445feaf\" data-element_type=\"section\" data-e-type=\"section\">\n\t\t\t\t\t\t<div class=\"elementor-container elementor-column-gap-default\">\n\t\t\t\t\t<div class=\"elementor-column elementor-col-100 elementor-top-column elementor-element elementor-element-7e8b252\" data-id=\"7e8b252\" data-element_type=\"column\" data-e-type=\"column\">\n\t\t\t<div class=\"elementor-widget-wrap elementor-element-populated\">\n\t\t\t\t\t\t<div class=\"elementor-element elementor-element-085523c elementor-widget elementor-widget-heading\" data-id=\"085523c\" data-element_type=\"widget\" data-e-type=\"widget\" data-widget_type=\"heading.default\">\n\t\t\t\t<div class=\"elementor-widget-container\">\n\t\t\t\t\t<h2 class=\"elementor-heading-title elementor-size-default\">Ein Haus mit Charakter und Geschichte<\/h2>\t\t\t\t<\/div>\n\t\t\t\t<\/div>\n\t\t\t\t<section class=\"elementor-section elementor-inner-section elementor-element elementor-element-7b29c31 elementor-section-full_width elementor-section-height-default elementor-section-height-default\" data-id=\"7b29c31\" data-element_type=\"section\" data-e-type=\"section\">\n\t\t\t\t\t\t<div class=\"elementor-container elementor-column-gap-default\">\n\t\t\t\t\t<div class=\"elementor-column elementor-col-50 elementor-inner-column elementor-element elementor-element-fcbb9b1\" data-id=\"fcbb9b1\" data-element_type=\"column\" data-e-type=\"column\">\n\t\t\t<div class=\"elementor-widget-wrap elementor-element-populated\">\n\t\t\t\t\t\t<div class=\"elementor-element elementor-element-986bc36 elementor-widget elementor-widget-text-editor\" data-id=\"986bc36\" data-element_type=\"widget\" data-e-type=\"widget\" data-widget_type=\"text-editor.default\">\n\t\t\t\t<div class=\"elementor-widget-container\">\n\t\t\t\t\t\t\t\t\t<p>Die Villa Excelsior wurde in den Jahren 1895-1897 vom bekannten Kurarzt Dr. Anton Wassing als \u201eVilla Dr. Wassing\u201c erbaut und stets als Hotelbetrieb gef\u00fchrt. In den Jahren 1916 bis 1923 verbrachte Sigmund Freud seine Sommer in der Villa in seinem \u201e\u2026Lieblingskurort Bad Gastein, mitten in der erlesenen Sch\u00f6nheit unserer Alpen\u201c.<\/p><p>1938 ging der Besitz an die Familie Straubinger \u00fcber, welche das Haus bis 1957 als Dependance des ber\u00fchmten Hotels Straubinger am Wasserfall f\u00fchrte und den Namen in \u201eHaus Goldeck\u201c \u00e4nderte. Im Zuge eines Grundtausches wechselte die Villa 1957 abermals den Besitzer und wurde bis ins Jahr 2000 vom Pr\u00e4laten Simon Dietmann vorwiegend als Kurhaus f\u00fcr Priester genutzt. 1958 hat dieser einen Trakt mit 6 neuen Thermalb\u00e4dern, einigen Zimmern und der imposanten Hauskapelle anbauen lassen.<\/p><p>Nachdem im Jahre 2000 der Verkauf an eine Wohnbaugesellschaft fehlgeschlagen ist, fiel der Besitz in einen \u201eDornr\u00f6schenschlaf\u201c und eine \u00c4ra schien zu Ende\u2026 Im Jahre 2002 kaufte Christof J. Erharter das leerstehende Haus und hat es nach den Originalpl\u00e4nen von 1895 saniert, bis es zur Sommersaison 2003 als \u201eVilla Excelsior\u201c wiederer\u00f6ffnet wurde.<\/p>\t\t\t\t\t\t\t\t<\/div>\n\t\t\t\t<\/div>\n\t\t\t\t\t<\/div>\n\t\t<\/div>\n\t\t\t\t<div class=\"elementor-column elementor-col-50 elementor-inner-column elementor-element elementor-element-dad38b5\" data-id=\"dad38b5\" data-element_type=\"column\" data-e-type=\"column\">\n\t\t\t<div class=\"elementor-widget-wrap elementor-element-populated\">\n\t\t\t\t\t\t<div class=\"elementor-element elementor-element-16187af elementor-widget elementor-widget-image\" data-id=\"16187af\" data-element_type=\"widget\" data-e-type=\"widget\" data-widget_type=\"image.default\">\n\t\t\t\t<div class=\"elementor-widget-container\">\n\t\t\t\t\t\t\t\t\t\t\t\t\t\t\t<img fetchpriority=\"high\" decoding=\"async\" width=\"225\" height=\"300\" src=\"https:\/\/villa-excelsior.at\/wp-content\/uploads\/2024\/11\/Sigmund-Freud-Wassing1-225x300-1.jpg\" class=\"attachment-large size-large wp-image-985\" alt=\"\" \/>\t\t\t\t\t\t\t\t\t\t\t\t\t\t\t<\/div>\n\t\t\t\t<\/div>\n\t\t\t\t\t<\/div>\n\t\t<\/div>\n\t\t\t\t\t<\/div>\n\t\t<\/section>\n\t\t\t\t<div class=\"elementor-element elementor-element-ce77d0f elementor-widget elementor-widget-heading\" data-id=\"ce77d0f\" data-element_type=\"widget\" data-e-type=\"widget\" data-widget_type=\"heading.default\">\n\t\t\t\t<div class=\"elementor-widget-container\">\n\t\t\t\t\t<h2 class=\"elementor-heading-title elementor-size-default\">Das Wirken des ber\u00fchmten Salzburger Architekten Josef Wessicken in Bad Gastein<\/h2>\t\t\t\t<\/div>\n\t\t\t\t<\/div>\n\t\t\t\t<div class=\"elementor-element elementor-element-2f3a41f elementor-widget elementor-widget-text-editor\" data-id=\"2f3a41f\" data-element_type=\"widget\" data-e-type=\"widget\" data-widget_type=\"text-editor.default\">\n\t\t\t\t<div class=\"elementor-widget-container\">\n\t\t\t\t\t\t\t\t\t<p>Der im Jahr 1837 geborene Architekt, entschloss sich nach einer Schreinerlehre f\u00fcr sein Architekturstudium in M\u00fcnchen und Wien. Nach der abgeschlossenen Ausbildung und einem Praktikum beim Wiener Dombaumeister ging Wessicken als Dombausmeister nach Mainz. Zu seinen ber\u00fchmtesten Bauwerken z\u00e4hlt ohne Zweifel die St. Andr\u00e4-Kirche in der Salzburger Neustadt. Den ersten Auftrag im Wildbad erhilet Wessicken 1876 von Josef M\u00fchlberger.<\/p>\t\t\t\t\t\t\t\t<\/div>\n\t\t\t\t<\/div>\n\t\t\t\t<div class=\"elementor-element elementor-element-5809be6 elementor-widget elementor-widget-heading\" data-id=\"5809be6\" data-element_type=\"widget\" data-e-type=\"widget\" data-widget_type=\"heading.default\">\n\t\t\t\t<div class=\"elementor-widget-container\">\n\t\t\t\t\t<h2 class=\"elementor-heading-title elementor-size-default\">Miterbauer des \u201emodernen\u201c Gasteins<\/h2>\t\t\t\t<\/div>\n\t\t\t\t<\/div>\n\t\t\t\t<div class=\"elementor-element elementor-element-984e757 elementor-widget elementor-widget-text-editor\" data-id=\"984e757\" data-element_type=\"widget\" data-e-type=\"widget\" data-widget_type=\"text-editor.default\">\n\t\t\t\t<div class=\"elementor-widget-container\">\n\t\t\t\t\t\t\t\t\t<p>Wessickens gr\u00f6\u00dfte Auftraggeber im Wildbad waren \u00fcberwiegend die Bad Gasteiner Hoteliers und Kur\u00e4rzte, insbesondere die Familie Straubinger, die 1884 den Adaptierungsbau direkt am Wasserfall in Auftrag gab en (ehemals Haus am Wasserfall bzw. seit 1911 Krisch-Haus), neben der Umgestaltung der Hauptfassade und dem Umbau des B\u00e4dertraktes 1887 entwarf Wessicken das Postamtsgeb\u00e4ude. Der bedeutenste Gro\u00dfbau f\u00fcr die Familie Straubinger erfolgte mit dem Hotel-Austria, wo sich die Amtsr\u00e4ume der Gemeinde und das Gasteiner Museum befindet. Die Bauten des Dr. Anton Wassing (<strong>Villa Dr. Wassing, heute Hotel Excelsior<\/strong>), des damaligen Kurarztes Dr. Eduard Schider (Haus Schider) und Dr. Josef Weingerl (Lothringen-Quisisana), deren gemeinsames Merkmal ihrer Villen das charakteristische \u201eWessicken-T\u00fcrmchen\u201c war, existieren heute noch.<\/p><p>Weiters wurden vom Architekten Josef Wessicken der Elisabethhof (heutiges Arcotel), das Jagdschl\u00f6sschen des Grafen Rudolf von Czernin in B\u00f6ckstein, das Hotel Wei\u00dfmayr (vormals Provench\u00e8re), die Villa Excelsior (vormals Haus Goldeck) und die heute nicht mehr existierende Wandelbahn mit dem Kurkasino geplant. Nur wenige Bauten in Bad Gastein wurden dabei nicht gemeinsam mit Angelo Comini errichtet. Dazu geh\u00f6rt die Villa M\u00fchlberger \u2013 sein erster Auftrag in Badgastein . . .<\/p>\t\t\t\t\t\t\t\t<\/div>\n\t\t\t\t<\/div>\n\t\t\t\t<div class=\"elementor-element elementor-element-b498569 elementor-cta--layout-image-above elementor-cta--skin-classic elementor-animated-content elementor-bg-transform elementor-bg-transform-zoom-in elementor-widget elementor-widget-call-to-action\" data-id=\"b498569\" data-element_type=\"widget\" data-e-type=\"widget\" data-widget_type=\"call-to-action.default\">\n\t\t\t\t<div class=\"elementor-widget-container\">\n\t\t\t\t\t\t\t<a class=\"elementor-cta\" href=\"https:\/\/villa-excelsior.at\/?page_id=673https:\/\/villa-excelsior.at\/?page_id=673\">\n\t\t\t\t\t\t\t<div class=\"elementor-cta__content\">\n\t\t\t\t\n\t\t\t\t\t\t\t\t\t<h2 class=\"elementor-cta__title elementor-cta__content-item elementor-content-item\">\n\t\t\t\t\t\tGalerie\t\t\t\t\t<\/h2>\n\t\t\t\t\n\t\t\t\t\n\t\t\t\t\t\t\t\t\t<div class=\"elementor-cta__button-wrapper elementor-cta__content-item elementor-content-item \">\n\t\t\t\t\t<span class=\"elementor-cta__button elementor-button elementor-size-\">\n\t\t\t\t\t\tHier klicken\t\t\t\t\t<\/span>\n\t\t\t\t\t<\/div>\n\t\t\t\t\t\t\t<\/div>\n\t\t\t\t\t\t<\/a>\n\t\t\t\t\t\t<\/div>\n\t\t\t\t<\/div>\n\t\t\t\t\t<\/div>\n\t\t<\/div>\n\t\t\t\t\t<\/div>\n\t\t<\/section>\n\t\t\t\t<\/div>\n\t\t","protected":false},"excerpt":{"rendered":"<p>Historie Ein Haus mit Charakter und Geschichte Die Villa Excelsior wurde in den Jahren 1895-1897 vom bekannten Kurarzt Dr. Anton Wassing als \u201eVilla Dr. Wassing\u201c erbaut und stets als Hotelbetrieb gef\u00fchrt. In den Jahren 1916 bis 1923 verbrachte Sigmund Freud seine Sommer in der Villa in seinem \u201e\u2026Lieblingskurort Bad Gastein, mitten in der erlesenen Sch\u00f6nheit [&hellip;]<\/p>\n","protected":false},"author":1,"featured_media":0,"parent":0,"menu_order":0,"comment_status":"closed","ping_status":"closed","template":"","meta":{"footnotes":""},"class_list":["post-978","page","type-page","status-publish","hentry"],"_links":{"self":[{"href":"https:\/\/villa-excelsior.at\/index.php?rest_route=\/wp\/v2\/pages\/978","targetHints":{"allow":["GET"]}}],"collection":[{"href":"https:\/\/villa-excelsior.at\/index.php?rest_route=\/wp\/v2\/pages"}],"about":[{"href":"https:\/\/villa-excelsior.at\/index.php?rest_route=\/wp\/v2\/types\/page"}],"author":[{"embeddable":true,"href":"https:\/\/villa-excelsior.at\/index.php?rest_route=\/wp\/v2\/users\/1"}],"replies":[{"embeddable":true,"href":"https:\/\/villa-excelsior.at\/index.php?rest_route=%2Fwp%2Fv2%2Fcomments&post=978"}],"version-history":[{"count":25,"href":"https:\/\/villa-excelsior.at\/index.php?rest_route=\/wp\/v2\/pages\/978\/revisions"}],"predecessor-version":[{"id":2090,"href":"https:\/\/villa-excelsior.at\/index.php?rest_route=\/wp\/v2\/pages\/978\/revisions\/2090"}],"wp:attachment":[{"href":"https:\/\/villa-excelsior.at\/index.php?rest_route=%2Fwp%2Fv2%2Fmedia&parent=978"}],"curies":[{"name":"wp","href":"https:\/\/api.w.org\/{rel}","templated":true}]}}