{"id":1256,"date":"2024-11-19T17:36:01","date_gmt":"2024-11-19T17:36:01","guid":{"rendered":"https:\/\/villa-excelsior.wisto.cc\/?page_id=1256"},"modified":"2025-02-14T11:15:10","modified_gmt":"2025-02-14T11:15:10","slug":"historie-it","status":"publish","type":"page","link":"https:\/\/villa-excelsior.at\/?page_id=1256&lang=it","title":{"rendered":"Historie &#8211; IT"},"content":{"rendered":"\t\t<div data-elementor-type=\"wp-page\" data-elementor-id=\"1256\" class=\"elementor elementor-1256\" data-elementor-post-type=\"page\">\n\t\t\t\t\t\t<section class=\"elementor-section elementor-top-section elementor-element elementor-element-edcd384 elementor-section-boxed elementor-section-height-default elementor-section-height-default\" data-id=\"edcd384\" data-element_type=\"section\" data-e-type=\"section\">\n\t\t\t\t\t\t<div class=\"elementor-container elementor-column-gap-default\">\n\t\t\t\t\t<div class=\"elementor-column elementor-col-100 elementor-top-column elementor-element elementor-element-9d943c8\" data-id=\"9d943c8\" data-element_type=\"column\" data-e-type=\"column\">\n\t\t\t<div class=\"elementor-widget-wrap elementor-element-populated\">\n\t\t\t\t\t\t<div class=\"elementor-element elementor-element-e5331c2 elementor-widget elementor-widget-heading\" data-id=\"e5331c2\" data-element_type=\"widget\" data-e-type=\"widget\" data-widget_type=\"heading.default\">\n\t\t\t\t<div class=\"elementor-widget-container\">\n\t\t\t\t\t<h2 class=\"elementor-heading-title elementor-size-default\">\nLa storia<\/h2>\t\t\t\t<\/div>\n\t\t\t\t<\/div>\n\t\t\t\t\t<\/div>\n\t\t<\/div>\n\t\t\t\t\t<\/div>\n\t\t<\/section>\n\t\t\t\t<section class=\"elementor-section elementor-top-section elementor-element elementor-element-88aaafe elementor-section-boxed elementor-section-height-default elementor-section-height-default\" data-id=\"88aaafe\" data-element_type=\"section\" data-e-type=\"section\">\n\t\t\t\t\t\t<div class=\"elementor-container elementor-column-gap-default\">\n\t\t\t\t\t<div class=\"elementor-column elementor-col-100 elementor-top-column elementor-element elementor-element-10cbd5d\" data-id=\"10cbd5d\" data-element_type=\"column\" data-e-type=\"column\">\n\t\t\t<div class=\"elementor-widget-wrap elementor-element-populated\">\n\t\t\t\t\t\t<div class=\"elementor-element elementor-element-b4e0855 elementor--h-position-center elementor--v-position-middle elementor-arrows-position-inside elementor-pagination-position-inside elementor-widget elementor-widget-slides\" data-id=\"b4e0855\" data-element_type=\"widget\" data-e-type=\"widget\" data-settings=\"{&quot;navigation&quot;:&quot;both&quot;,&quot;autoplay&quot;:&quot;yes&quot;,&quot;pause_on_hover&quot;:&quot;yes&quot;,&quot;pause_on_interaction&quot;:&quot;yes&quot;,&quot;autoplay_speed&quot;:5000,&quot;infinite&quot;:&quot;yes&quot;,&quot;transition&quot;:&quot;slide&quot;,&quot;transition_speed&quot;:500}\" data-widget_type=\"slides.default\">\n\t\t\t\t<div class=\"elementor-widget-container\">\n\t\t\t\t\t\t\t\t\t<div class=\"elementor-swiper\">\n\t\t\t\t\t<div class=\"elementor-slides-wrapper elementor-main-swiper swiper\" role=\"region\" aria-roledescription=\"carousel\" aria-label=\"Slider\" dir=\"ltr\" data-animation=\"fadeInUp\">\n\t\t\t\t<div class=\"swiper-wrapper elementor-slides\">\n\t\t\t\t\t\t\t\t\t\t<div class=\"elementor-repeater-item-771369a swiper-slide\" role=\"group\" aria-roledescription=\"slide\"><div class=\"swiper-slide-bg\" role=\"img\" aria-label=\"Ansichtskarten-Gasteinertal_0020-850x318\"><\/div><div class=\"swiper-slide-inner\" ><div class=\"swiper-slide-contents\"><\/div><\/div><\/div><div class=\"elementor-repeater-item-107e788 swiper-slide\" role=\"group\" aria-roledescription=\"slide\"><div class=\"swiper-slide-bg\" role=\"img\" aria-label=\"Gastein-Zentrum_0038-836x318\"><\/div><div class=\"swiper-slide-inner\" ><div class=\"swiper-slide-contents\"><\/div><\/div><\/div><div class=\"elementor-repeater-item-9004970 swiper-slide\" role=\"group\" aria-roledescription=\"slide\"><div class=\"swiper-slide-bg\" role=\"img\" aria-label=\"Kurmusik_0057-850x318\"><\/div><div class=\"swiper-slide-inner\" ><div class=\"swiper-slide-contents\"><\/div><\/div><\/div><div class=\"elementor-repeater-item-bcf0f4e swiper-slide\" role=\"group\" aria-roledescription=\"slide\"><div class=\"swiper-slide-bg\" role=\"img\" aria-label=\"Gastein-Zentrum_0042-850x318\"><\/div><div class=\"swiper-slide-inner\" ><div class=\"swiper-slide-contents\"><\/div><\/div><\/div><div class=\"elementor-repeater-item-773c13f swiper-slide\" role=\"group\" aria-roledescription=\"slide\"><div class=\"swiper-slide-bg\" role=\"img\" aria-label=\"Anschtskarten-Gasteinertal_0038-850x318\"><\/div><div class=\"swiper-slide-inner\" ><div class=\"swiper-slide-contents\"><\/div><\/div><\/div>\t\t\t\t<\/div>\n\t\t\t\t\t\t\t\t\t\t\t\t\t\t\t<div class=\"elementor-swiper-button elementor-swiper-button-prev\" role=\"button\" tabindex=\"0\" aria-label=\"Diapositiva precedente\">\n\t\t\t\t\t\t\t<i aria-hidden=\"true\" class=\"eicon-chevron-left\"><\/i>\t\t\t\t\t\t<\/div>\n\t\t\t\t\t\t<div class=\"elementor-swiper-button elementor-swiper-button-next\" role=\"button\" tabindex=\"0\" aria-label=\"Prossima diapositiva\">\n\t\t\t\t\t\t\t<i aria-hidden=\"true\" class=\"eicon-chevron-right\"><\/i>\t\t\t\t\t\t<\/div>\n\t\t\t\t\t\t\t\t\t\t\t\t\t\t\t\t<div class=\"swiper-pagination\"><\/div>\n\t\t\t\t\t\t\t\t\t\t\t\t<\/div>\n\t\t\t\t<\/div>\n\t\t\t\t\t\t\t\t<\/div>\n\t\t\t\t<\/div>\n\t\t\t\t\t<\/div>\n\t\t<\/div>\n\t\t\t\t\t<\/div>\n\t\t<\/section>\n\t\t\t\t<section class=\"elementor-section elementor-top-section elementor-element elementor-element-445feaf elementor-section-boxed elementor-section-height-default elementor-section-height-default\" data-id=\"445feaf\" data-element_type=\"section\" data-e-type=\"section\">\n\t\t\t\t\t\t<div class=\"elementor-container elementor-column-gap-default\">\n\t\t\t\t\t<div class=\"elementor-column elementor-col-100 elementor-top-column elementor-element elementor-element-7e8b252\" data-id=\"7e8b252\" data-element_type=\"column\" data-e-type=\"column\">\n\t\t\t<div class=\"elementor-widget-wrap elementor-element-populated\">\n\t\t\t\t\t\t<div class=\"elementor-element elementor-element-085523c elementor-widget elementor-widget-heading\" data-id=\"085523c\" data-element_type=\"widget\" data-e-type=\"widget\" data-widget_type=\"heading.default\">\n\t\t\t\t<div class=\"elementor-widget-container\">\n\t\t\t\t\t<h2 class=\"elementor-heading-title elementor-size-default\">Una casa con carattere e storia<\/h2>\t\t\t\t<\/div>\n\t\t\t\t<\/div>\n\t\t\t\t<section class=\"elementor-section elementor-inner-section elementor-element elementor-element-7b29c31 elementor-section-full_width elementor-section-height-default elementor-section-height-default\" data-id=\"7b29c31\" data-element_type=\"section\" data-e-type=\"section\">\n\t\t\t\t\t\t<div class=\"elementor-container elementor-column-gap-default\">\n\t\t\t\t\t<div class=\"elementor-column elementor-col-50 elementor-inner-column elementor-element elementor-element-fcbb9b1\" data-id=\"fcbb9b1\" data-element_type=\"column\" data-e-type=\"column\">\n\t\t\t<div class=\"elementor-widget-wrap elementor-element-populated\">\n\t\t\t\t\t\t<div class=\"elementor-element elementor-element-986bc36 elementor-widget elementor-widget-text-editor\" data-id=\"986bc36\" data-element_type=\"widget\" data-e-type=\"widget\" data-widget_type=\"text-editor.default\">\n\t\t\t\t<div class=\"elementor-widget-container\">\n\t\t\t\t\t\t\t\t\t<p>Villa Excelsior fu costruita tra il 1895 e il 1897 dal noto medico termale Dr Anton Wassing come \u201cVilla Dr Wassing\u201d ed \u00e8 sempre stata gestita come albergo. Dal 1916 al 1923, Sigmund Freud trascorse le sue estati nella villa nella sua \u201c&#8230;localit\u00e0 di cura preferita, Bad Gastein, in mezzo alla squisita bellezza delle nostre Alpi\u201d.<\/p><p>Nel 1938 la propriet\u00e0 pass\u00f2 alla famiglia Straubinger, che gest\u00ec la casa come succursale del famoso Hotel Straubinger am Wasserfall fino al 1957 e cambi\u00f2 il nome in \u201cHaus Goldeck\u201d. La villa pass\u00f2 di nuovo di mano nel 1957 nell&#8217;ambito di uno scambio di terreni e fu utilizzata principalmente come centro termale per i sacerdoti dal prelato Simon Dietmann fino al 2000. Nel 1958, egli fece aggiungere un&#8217;ala con 6 nuovi bagni termali, diverse stanze e l&#8217;imponente cappella della casa.<\/p><p>Dopo il fallimento della vendita a un&#8217;associazione edilizia nel 2000, la propriet\u00e0 cadde in un \u201csonno profondo\u201d e un&#8217;epoca sembrava essere giunta al termine&#8230; Nel 2002, Christof J. Erharter acquist\u00f2 la casa vuota e la ristruttur\u00f2 secondo i piani originali del 1895, fino a riaprirla come \u201cVilla Excelsior\u201d per la stagione estiva 2003.<\/p>\t\t\t\t\t\t\t\t<\/div>\n\t\t\t\t<\/div>\n\t\t\t\t\t<\/div>\n\t\t<\/div>\n\t\t\t\t<div class=\"elementor-column elementor-col-50 elementor-inner-column elementor-element elementor-element-dad38b5\" data-id=\"dad38b5\" data-element_type=\"column\" data-e-type=\"column\">\n\t\t\t<div class=\"elementor-widget-wrap elementor-element-populated\">\n\t\t\t\t\t\t<div class=\"elementor-element elementor-element-16187af elementor-widget elementor-widget-image\" data-id=\"16187af\" data-element_type=\"widget\" data-e-type=\"widget\" data-widget_type=\"image.default\">\n\t\t\t\t<div class=\"elementor-widget-container\">\n\t\t\t\t\t\t\t\t\t\t\t\t\t\t\t<img fetchpriority=\"high\" decoding=\"async\" width=\"225\" height=\"300\" src=\"https:\/\/villa-excelsior.at\/wp-content\/uploads\/2024\/11\/Sigmund-Freud-Wassing1-225x300-1.jpg\" class=\"attachment-large size-large wp-image-985\" alt=\"\" \/>\t\t\t\t\t\t\t\t\t\t\t\t\t\t\t<\/div>\n\t\t\t\t<\/div>\n\t\t\t\t\t<\/div>\n\t\t<\/div>\n\t\t\t\t\t<\/div>\n\t\t<\/section>\n\t\t\t\t<div class=\"elementor-element elementor-element-ce77d0f elementor-widget elementor-widget-heading\" data-id=\"ce77d0f\" data-element_type=\"widget\" data-e-type=\"widget\" data-widget_type=\"heading.default\">\n\t\t\t\t<div class=\"elementor-widget-container\">\n\t\t\t\t\t<h2 class=\"elementor-heading-title elementor-size-default\">L'opera del famoso architetto salisburghese Josef Wessicken a Bad Gastein<\/h2>\t\t\t\t<\/div>\n\t\t\t\t<\/div>\n\t\t\t\t<div class=\"elementor-element elementor-element-2f3a41f elementor-widget elementor-widget-text-editor\" data-id=\"2f3a41f\" data-element_type=\"widget\" data-e-type=\"widget\" data-widget_type=\"text-editor.default\">\n\t\t\t\t<div class=\"elementor-widget-container\">\n\t\t\t\t\t\t\t\t\t<p>Nato nel 1837, l&#8217;architetto decise di studiare architettura a Monaco e a Vienna dopo aver completato l&#8217;apprendistato come falegname. Dopo aver completato la sua formazione e un tirocinio presso il capomastro della cattedrale di Vienna, Wessicken si rec\u00f2 a Magonza come capomastro della cattedrale. Uno dei suoi edifici pi\u00f9 famosi \u00e8 senza dubbio la chiesa di Sant&#8217;Andrea nel quartiere Neustadt di Salisburgo. Wessicken ricevette il suo primo incarico a Wildbad nel 1876 da Josef M\u00fchlberger.<\/p>\t\t\t\t\t\t\t\t<\/div>\n\t\t\t\t<\/div>\n\t\t\t\t<div class=\"elementor-element elementor-element-5809be6 elementor-widget elementor-widget-heading\" data-id=\"5809be6\" data-element_type=\"widget\" data-e-type=\"widget\" data-widget_type=\"heading.default\">\n\t\t\t\t<div class=\"elementor-widget-container\">\n\t\t\t\t\t<h2 class=\"elementor-heading-title elementor-size-default\">Co-costruttore della \u201cmoderna\u201d Gastein<\/h2>\t\t\t\t<\/div>\n\t\t\t\t<\/div>\n\t\t\t\t<div class=\"elementor-element elementor-element-984e757 elementor-widget elementor-widget-text-editor\" data-id=\"984e757\" data-element_type=\"widget\" data-e-type=\"widget\" data-widget_type=\"text-editor.default\">\n\t\t\t\t<div class=\"elementor-widget-container\">\n\t\t\t\t\t\t\t\t\t<p>I maggiori clienti di Wessicken a Wildbad furono soprattutto gli albergatori e i medici termali di Bad Gastein, in particolare la famiglia Straubinger, che nel 1884 commission\u00f2 l&#8217;edificio di adattamento direttamente presso la cascata (ex Haus am Wasserfall o Krisch-Haus dal 1911); oltre alla ristrutturazione della facciata principale e alla trasformazione dell&#8217;ala termale nel 1887, Wessicken progett\u00f2 l&#8217;edificio dell&#8217;ufficio postale. L&#8217;edificio pi\u00f9 importante della famiglia Straubinger \u00e8 l&#8217;Hotel Austria, che ospita gli uffici comunali e il Museo di Gastein. Gli edifici del dottor Anton Wassing (Villa Dr Wassing, oggi Hotel Excelsior), dell&#8217;allora medico termale dottor Eduard Schider (Haus Schider) e del dottor Josef Weingerl (Lothringen-Quisisana), le cui ville avevano in comune la caratteristica \u201ctorre di Wessicken\u201d, esistono ancora oggi.<\/p><p>L&#8217;architetto Josef Wessicken progett\u00f2 anche l&#8217;Elisabethhof (l&#8217;attuale Arcotel), la residenza di caccia del conte Rudolf von Czernin a B\u00f6ckstein, l&#8217;Hotel Wei\u00dfmayr (ex Provench\u00e8re), la Villa Excelsior (ex Haus Goldeck) e la Wandelbahn con il Kurkasino, che oggi non esiste pi\u00f9. Solo pochi edifici di Bad Gastein non sono stati costruiti insieme ad Angelo Comini. Tra questi vi \u00e8 la Villa M\u00fchlberger, il suo primo incarico a Bad Gastein. . .<\/p>\t\t\t\t\t\t\t\t<\/div>\n\t\t\t\t<\/div>\n\t\t\t\t<div class=\"elementor-element elementor-element-b498569 elementor-cta--layout-image-above elementor-cta--skin-classic elementor-animated-content elementor-bg-transform elementor-bg-transform-zoom-in elementor-widget elementor-widget-call-to-action\" data-id=\"b498569\" data-element_type=\"widget\" data-e-type=\"widget\" data-widget_type=\"call-to-action.default\">\n\t\t\t\t<div class=\"elementor-widget-container\">\n\t\t\t\t\t\t\t<a class=\"elementor-cta\" href=\"https:\/\/villa-excelsior.at\/?page_id=1469&#038;lang=it\">\n\t\t\t\t\t\t\t<div class=\"elementor-cta__content\">\n\t\t\t\t\n\t\t\t\t\t\t\t\t\t<h2 class=\"elementor-cta__title elementor-cta__content-item elementor-content-item\">\n\t\t\t\t\t\tGalleria\t\t\t\t\t<\/h2>\n\t\t\t\t\n\t\t\t\t\n\t\t\t\t\t\t\t\t\t<div class=\"elementor-cta__button-wrapper elementor-cta__content-item elementor-content-item \">\n\t\t\t\t\t<span class=\"elementor-cta__button elementor-button elementor-size-\">\n\t\t\t\t\t\tClicca qui\t\t\t\t\t<\/span>\n\t\t\t\t\t<\/div>\n\t\t\t\t\t\t\t<\/div>\n\t\t\t\t\t\t<\/a>\n\t\t\t\t\t\t<\/div>\n\t\t\t\t<\/div>\n\t\t\t\t\t<\/div>\n\t\t<\/div>\n\t\t\t\t\t<\/div>\n\t\t<\/section>\n\t\t\t\t<\/div>\n\t\t","protected":false},"excerpt":{"rendered":"<p>La storia Una casa con carattere e storia Villa Excelsior fu costruita tra il 1895 e il 1897 dal noto medico termale Dr Anton Wassing come \u201cVilla Dr Wassing\u201d ed \u00e8 sempre stata gestita come albergo. Dal 1916 al 1923, Sigmund Freud trascorse le sue estati nella villa nella sua \u201c&#8230;localit\u00e0 di cura preferita, Bad [&hellip;]<\/p>\n","protected":false},"author":1,"featured_media":0,"parent":0,"menu_order":0,"comment_status":"closed","ping_status":"closed","template":"","meta":{"footnotes":""},"class_list":["post-1256","page","type-page","status-publish","hentry"],"_links":{"self":[{"href":"https:\/\/villa-excelsior.at\/index.php?rest_route=\/wp\/v2\/pages\/1256","targetHints":{"allow":["GET"]}}],"collection":[{"href":"https:\/\/villa-excelsior.at\/index.php?rest_route=\/wp\/v2\/pages"}],"about":[{"href":"https:\/\/villa-excelsior.at\/index.php?rest_route=\/wp\/v2\/types\/page"}],"author":[{"embeddable":true,"href":"https:\/\/villa-excelsior.at\/index.php?rest_route=\/wp\/v2\/users\/1"}],"replies":[{"embeddable":true,"href":"https:\/\/villa-excelsior.at\/index.php?rest_route=%2Fwp%2Fv2%2Fcomments&post=1256"}],"version-history":[{"count":10,"href":"https:\/\/villa-excelsior.at\/index.php?rest_route=\/wp\/v2\/pages\/1256\/revisions"}],"predecessor-version":[{"id":2096,"href":"https:\/\/villa-excelsior.at\/index.php?rest_route=\/wp\/v2\/pages\/1256\/revisions\/2096"}],"wp:attachment":[{"href":"https:\/\/villa-excelsior.at\/index.php?rest_route=%2Fwp%2Fv2%2Fmedia&parent=1256"}],"curies":[{"name":"wp","href":"https:\/\/api.w.org\/{rel}","templated":true}]}}